remainder when 129 is divided by 351/c - 2/(-8).
9
Let q = 830 + -761. What is the remainder when 613 is divided by q?
61
Suppose 2*z + 12*y = 9*y + 23, z - 5*y - 31 = 0. What is the remainder when 141 is divided by z?
13
Suppose 2*u = 58 + 10. What is the remainder when 113 is divided by u?
11
Suppose -16 = 3*g + g, 5*a - 31 = 4*g. Calculate the remainder when 50 is divided by (-64)/(-4) + (0 - a).
11
Let b(u) = u**3 + 29*u**2 - 2*u - 30. Calculate the remainder when b(-29) is divided by 22.
6
Let d(i) = -i**2 + 9*i - 3. Let j be d(7). Suppose -j + 51 = 4*g. What is the remainder when 58 is divided by g?
8
Suppose -66 = -12*h + 10*h. Let y = h - 25. Let r = 19 - y. Calculate the remainder when 31 is divided by r.
9
Let u(a) be the first derivative of 39*a**2 + 2*a - 4. What is the remainder when u(1) is divided by 21?
17
Let a(x) = -x**2 + 6*x + 3. Let z be a(6). Suppose -z*s + 73 = 19. What is the remainder when s is divided by 6?
0
Suppose -34 = -2*d - 8. What is the remainder when d is divided by -8*2/32 + 17/2?
5
Suppose 0 = 7*v + 3*v - 360 + 20. Let p(b) = 2*b**2 + 6*b - 7. Calculate the remainder when v is divided by p(-5).
8
Suppose 3*v + 2 = v. Let h = -23 - -66. Calculate the remainder when h is divided by v*(0 + -11) - 0.
10
Let p(x) = x**2 - 4*x + 2. Let j be p(5). Calculate the remainder when (4/(-5))/(j/(-35)) is divided by 3.
1
Calculate the remainder when 4/(-3)*4/((-8)/462) is divided by 64.
52
Calculate the remainder when (-312)/(-6) - -7 - (-1 - -2) is divided by 49.
9
Let j(o) = -o**2 + 8*o + 2. Suppose -22 = -2*q + x, -4*q = -q - 2*x - 33. Suppose q = 3*v - 7. Calculate the remainder when 26 is divided by j(v).
12
Suppose 203*c - 205*c + 46 = 0. Calculate the remainder when 643 is divided by c.
22
Suppose -f - 20 = -0. What is the remainder when 104 is divided by (f/(-6))/(2/21)?
34
Suppose 34*d = 15*d + 2413. Calculate the remainder when d is divided by 122.
5
Let w(q) = q**3 - 23*q**2 + 2*q + 6. Let i be w(23). Suppose -3*g + 16 = g. Suppose -i + 216 = g*y. What is the remainder when y is divided by 14?
13
Calculate the remainder when (-2 + 5 + -7)*(-1 + -13) is divided by 23.
10
Suppose 4*q = 4*d - 1164, q = -d + 242 + 51. Suppose 0 = 12*f - 16*f + d. Calculate the remainder when f is divided by 15.
13
Calculate the remainder when -5 + -76*(-14)/8 is divided by 36.
20
Let l(s) = 4*s + 37. Let c be l(-9). Calculate the remainder when 83 is divided by (-924)/(-110)*(c + 4).
41
Suppose -f - t = -17 - 1, -5*t = -2*f + 1. What is the remainder when 194 is divided by f?
12
Let i(g) = 6*g**2 + 2*g - 1. Let j = 39 - 36. Suppose 0 = n + 1, l + 2*n + j*n = 101. What is the remainder when l is divided by i(2)?
25
Suppose -4*a + 0*x - 3*x = -41, 3*a = x + 47. Suppose 12*r - 11*r - a = 0. Calculate the remainder when (1 + 1)/((-4)/(-78)) is divided by r.
11
Let r(a) = 2*a + 16. Let m be r(-7). Let g = -3 + -1. What is the remainder when (74/(-4))/(m/g) is divided by 13?
11
Suppose 2*x - 11 = -5*p, 0 = -37*x + 35*x + p + 29. What is the remainder when 243 is divided by x?
9
Let t = 1000 - 983. What is the remainder when 29 is divided by t?
12
Suppose k = -3*l + 47, 9 - 12 = 3*l. What is the remainder when 61 is divided by k?
11
Let a(f) = f**2 + 24*f - 24. Let n be a(-20). Let r = -45 - n. What is the remainder when r is divided by 31?
28
Let r = 2 - 62. Let y be (-45)/r + 11/(-4). What is the remainder when -38*(y - 1/(-1)) is divided by 8?
6
Let l(g) = -28*g - 2. Let u(s) = -s + 1. Let f(y) = -l(y) - u(y). Let j be (4/(-10))/((-4)/10). Calculate the remainder when f(j) is divided by 16.
14
Let g(c) = 10*c - 22. Let p(x) = -2*x**2 + 14*x - 8. Let a be p(6). Calculate the remainder when 29 is divided by g(a).
11
Calculate the remainder when 32 is divided by ((-44)/6)/((-44)/66).
10
Suppose 2*s = -5*g + 65, -5*g - 3*s = -2*s - 70. Let j = 1226 - 1169. What is the remainder when j is divided by g?
12
What is the remainder when 719 is divided by ((-8)/7)/(14/2058*-3)?
47
Let t = -38 + 40. Suppose -60 = t*q - 5*q. Calculate the remainder when 79 is divided by q.
19
Let h = -1627 - -1631. What is the remainder when 225 is divided by h?
1
Let o(h) be the second derivative of 2*h**4 + h**3/2 + 3*h**2/2 - h. Let l(c) = 2*c**2 + 48*c - 26. Calculate the remainder when o(-2) is divided by l(-25).
21
Let w = -36 + 40. What is the remainder when 32 is divided by w/(-14) - 1815/(-105)?
15
What is the remainder when 66 is divided by (32 - 7 - 4)*1?
3
Let q(p) = 0*p + 10 + 7*p + 7*p**2 - p**3 - 5 - 5*p. Let f(o) = -o**3 - 3*o**2 - o + 4. Let b be f(-3). Calculate the remainder when 54 is divided by q(b).
16
Let o be (8/6)/(6/(-9)). What is the remainder when ((-4)/10)/(o/190) is divided by (6/(-9))/((-16)/312)?
12
Suppose -1 = -j + 4*d - 2, 20 = 4*j - 4*d. Let s(t) = -t**2 + 12*t - 5. What is the remainder when 118 is divided by s(j)?
28
Let p(v) = v - 16. Let a be p(8). Let y(l) = l - 6. Let t be y(a). What is the remainder when 33 is divided by t*(20/(-8) + 2)?
5
Let a(f) = f**3 + 42*f**2 - 2*f - 74. What is the remainder when 136 is divided by a(-42)?
6
Let m(a) = -29. Let k(c) = -c + 1. Let t(d) = k(d) - m(d). Let w be t(0). Suppose -2*i + w = i. What is the remainder when i is divided by 4?
2
Let t = -29 - -29. Suppose 0 = -d - 7*a + 2*a + 32, -2*d + 2*a + 4 = t. What is the remainder when d is divided by 2?
1
Suppose 0 = -4*o - 5*p + 208, 0*o = 4*o - 5*p - 248. What is the remainder when o is divided by (-180)/50*10/(-3)?
9
Let r = -42 - -57. What is the remainder when 591/r + (-8)/20 is divided by 14?
11
Let q(a) = 8*a**2 + 5*a - 16. Let h be q(6). Let n = -133 + h. What is the remainder when n is divided by 19?
17
Let x = 643 - 506. What is the remainder when x is divided by 5?
2
Let p be (62/4)/(2/44). Suppose -3*v + p = 92. Calculate the remainder when v is divided by 12.
11
Let c(h) = -h + 3. Let i = -108 - -126. What is the remainder when i is divided by c(-7)?
8
Suppose 4*c = -3*n + 169, -4*c + c = -5*n - 134. Let d = c - -1. Calculate the remainder when d is divided by 15.
14
Let v(k) = k**3 - 113 + 2*k**3 + 93 - 48*k - 2*k**3 + 21*k**2. What is the remainder when v(-23) is divided by 8?
2
Let g(q) = -q**2 - 15*q + 3. Let o be g(-14). Suppose 0 = y + 7 - o. What is the remainder when 37 is divided by y?
7
Calculate the remainder when 59 is divided by (-10)/(-6) + (-3)/(-9) - -42.
15
Suppose -3*o + 2*f + 27 = 0, -3*o + 5*f - 26 = -4*o. Calculate the remainder when 251 is divided by o.
9
Let g(s) = s**3 - 4*s**2 - 5*s - 8. Let n be g(5). Let b = n - -144. What is the remainder when b is divided by 23?
21
Let t(l) = 19*l + 10. Let o be t(7). Suppose 4*n - o = 161. Suppose 0 = 4*b + 4*d - n, -b + 3*d = -2*b + 11. Calculate the remainder when 43 is divided by b.
20
Let w = 5 + 18. Let k = 20 - 10. Suppose -6*b + 8*b - k = 0. Calculate the remainder when w is divided by b.
3
What is the remainder when (291/9 - -1)/(13/117) is divided by 14?
6
Suppose 0*c + 66 = 2*c. Let w(x) = 2*x + 4 + 11 - 4*x + 3*x. What is the remainder when c is divided by w(2)?
16
Let s = 14 + -6. Let y(n) = -4*n**2 + 10*n - 1. Calculate the remainder when s is divided by y(2).
2
Let l = 2176 + -2082. Calculate the remainder when l is divided by ((-36)/(-10))/(3/20).
22
Suppose -2*m = 3*i - 184, m = -3*i + 44 + 135. What is the remainder when i is divided by (-10)/(-6) - ((-1225)/21 + 30)?
28
Let p be 3 - (-3 - -12*(-1)/1). Let i(g) = -g**3 + 16*g**2 + 39*g - 20. Calculate the remainder when i(p) is divided by 18.
16
What is the remainder when 41 is divided by (15 - -15) + 4*1?
7
Let j(s) = s**2 + 2*s - 298. What is the remainder when j(-22) is divided by 10?
2
Let f be 28/4 + -3 - 0. What is the remainder when f*(-1 + 2 - (-168)/16) is divided by 12?
10
Let s = 315 + -306. Calculate the remainder when 61 is divided by s.
7
Let j(m) = -m**3 + 10*m**2 + 3*m + 4. Let o be j(11). Let n = -67 - o. Calculate the remainder when n is divided by 11.
6
Let s(y) = -y**3 - 15*y**2 - 13*y. What is the remainder when s(-15) is divided by 28?
27
Suppose 0 = -20*k + 617 + 743. What is the remainder when k is divided by 25?
18
Suppose 3*g + 2*m = 488, -11*g + 8*g + 513 = -3*m. Calculate the remainder when g is divided by 34.
30
Let n(c) = c**3 + 19*c**2 + 16*c + 4. Let o = -3 + 